{"id":381,"date":"2018-02-15T15:21:09","date_gmt":"2018-02-15T15:21:09","guid":{"rendered":"http:\/\/sginspecao.com.br\/gnv\/?page_id=381"},"modified":"2020-02-05T14:22:20","modified_gmt":"2020-02-05T14:22:20","slug":"caminhoes-onibus-e-motos","status":"publish","type":"page","link":"https:\/\/sginspecao.com.br\/gnv\/caminhoes-onibus-e-motos\/","title":{"rendered":"Caminh\u00f5es, \u00f4nibus e motos"},"content":{"rendered":"<p><strong>Inspe\u00e7\u00e3o em caminh\u00f5es, \u00f4nibus e motocicletas:<\/strong><\/p>\n<p>Somos uma empresa l\u00edder no RJ na <a href=\"https:\/\/sginspecao.com.br\/gnv\/vistoria-de-kit-gas\/\">inspe\u00e7\u00e3o <\/a><a href=\"https:\/\/sginspecao.com.br\/gnv\/caminhoes-onibus-e-motos\/\">de caminh\u00f5es, \u00f4nibus e motocicletas<\/a> &#8211; com equipe especializada na inspe\u00e7\u00e3o veicular e a Acredita\u00e7\u00e3o da Coordena\u00e7\u00e3o Geral de Acredita\u00e7\u00e3o do INMETRO e Denatran.<\/p>\n<hr \/>\n<a href=\"https:\/\/sginspecao.com.br\/gnv\/contatos\/\" class=\"su-button su-button-style-default\" style=\"color:#FFFFFF;background-color:#3770AB;border-color:#2c5a89;border-radius:5px\" target=\"_self\" title=\"Vistoria de Kit G\u00e1s\"><span style=\"color:#FFFFFF;padding:6px 16px;font-size:13px;line-height:20px;border-color:#739bc5;border-radius:5px;text-shadow:none\"><i class=\"sui sui-calendar\" style=\"font-size:13px;color:#FFFFFF\"><\/i> Clique aqui e agende a inspe\u00e7\u00e3o!<\/span><\/a>\n<hr \/>\n<p><a href=\"https:\/\/sginspecao.com.br\/gnv\/contatos\/\"><img loading=\"lazy\" decoding=\"async\" class=\"alignnone wp-image-568 size-full\" src=\"https:\/\/sginspecao.com.br\/gnv\/wp-content\/uploads\/2020\/02\/baner05.jpg\" alt=\"\" width=\"800\" height=\"220\" srcset=\"https:\/\/sginspecao.com.br\/gnv\/wp-content\/uploads\/2020\/02\/baner05.jpg 800w, https:\/\/sginspecao.com.br\/gnv\/wp-content\/uploads\/2020\/02\/baner05-300x83.jpg 300w, https:\/\/sginspecao.com.br\/gnv\/wp-content\/uploads\/2020\/02\/baner05-768x211.jpg 768w, https:\/\/sginspecao.com.br\/gnv\/wp-content\/uploads\/2020\/02\/baner05-360x99.jpg 360w\" sizes=\"auto, (max-width: 800px) 100vw, 800px\" \/><\/a><\/p>\n","protected":false},"excerpt":{"rendered":"<p>Inspe\u00e7\u00e3o em caminh\u00f5es, \u00f4nibus e motocicletas: Somos uma empresa l\u00edder no RJ na inspe\u00e7\u00e3o de caminh\u00f5es, \u00f4nibus e motocicletas &#8211; com equipe especializada na inspe\u00e7\u00e3o veicular e a Acredita\u00e7\u00e3o da Coordena\u00e7\u00e3o Geral de Acredita\u00e7\u00e3o do INMETRO e Denatran.<\/p>\n","protected":false},"author":1,"featured_media":0,"parent":0,"menu_order":0,"comment_status":"closed","ping_status":"closed","template":"","meta":{"footnotes":"","_links_to":"","_links_to_target":""},"class_list":["post-381","page","type-page","status-publish","hentry"],"_links":{"self":[{"href":"https:\/\/sginspecao.com.br\/gnv\/wp-json\/wp\/v2\/pages\/381","targetHints":{"allow":["GET"]}}],"collection":[{"href":"https:\/\/sginspecao.com.br\/gnv\/wp-json\/wp\/v2\/pages"}],"about":[{"href":"https:\/\/sginspecao.com.br\/gnv\/wp-json\/wp\/v2\/types\/page"}],"author":[{"embeddable":true,"href":"https:\/\/sginspecao.com.br\/gnv\/wp-json\/wp\/v2\/users\/1"}],"replies":[{"embeddable":true,"href":"https:\/\/sginspecao.com.br\/gnv\/wp-json\/wp\/v2\/comments?post=381"}],"version-history":[{"count":8,"href":"https:\/\/sginspecao.com.br\/gnv\/wp-json\/wp\/v2\/pages\/381\/revisions"}],"predecessor-version":[{"id":582,"href":"https:\/\/sginspecao.com.br\/gnv\/wp-json\/wp\/v2\/pages\/381\/revisions\/582"}],"wp:attachment":[{"href":"https:\/\/sginspecao.com.br\/gnv\/wp-json\/wp\/v2\/media?parent=381"}],"curies":[{"name":"wp","href":"https:\/\/api.w.org\/{rel}","templated":true}]}}

Caminhões, ônibus e motos

<p><strong>Inspeção em caminhões, ônibus e motocicletas:</strong></p>
<p>Somos uma empresa líder no RJ na <a href="https://sginspecao.com.br/gnv/vistoria-de-kit-gas/">inspeção </a><a href="https://sginspecao.com.br/gnv/caminhoes-onibus-e-motos/">de caminhões, ônibus e motocicletas</a> &#8211; com equipe especializada na inspeção veicular e a Acreditação da Coordenação Geral de Acreditação do INMETRO e Denatran.</p>
<hr />
<a href="https://sginspecao.com.br/gnv/contatos/" class="su-button su-button-style-default" style="color:#FFFFFF;background-color:#3770AB;border-color:#2c5a89;border-radius:5px" target="_self" title="Vistoria de Kit Gás"><span style="color:#FFFFFF;padding:6px 16px;font-size:13px;line-height:20px;border-color:#739bc5;border-radius:5px;text-shadow:none"><i class="sui sui-calendar" style="font-size:13px;color:#FFFFFF"></i> Clique aqui e agende a inspeção!</span></a>
<hr />
<p><a href="https://sginspecao.com.br/gnv/contatos/"><img loading="lazy" decoding="async" class="alignnone wp-image-568 size-full" src="https://sginspecao.com.br/gnv/wp-content/uploads/2020/02/baner05.jpg" alt="" width="800" height="220" srcset="https://sginspecao.com.br/gnv/wp-content/uploads/2020/02/baner05.jpg 800w, https://sginspecao.com.br/gnv/wp-content/uploads/2020/02/baner05-300x83.jpg 300w, https://sginspecao.com.br/gnv/wp-content/uploads/2020/02/baner05-768x211.jpg 768w, https://sginspecao.com.br/gnv/wp-content/uploads/2020/02/baner05-360x99.jpg 360w" sizes="auto, (max-width: 800px) 100vw, 800px" /></a></p>

<p>Inspeção em caminhões, ônibus e motocicletas: Somos uma empresa líder no RJ na inspeção de caminhões, ônibus e motocicletas &#8211; com equipe especializada na inspeção veicular e a Acreditação da Coordenação Geral de Acreditação do INMETRO e Denatran.</p>
